[INFO] fetching crate borsh 0.10.3...
[INFO] checking borsh-0.10.3 against master#9610dfe5a9a731ced1ea4923ecbd0c57fe367898 for beta-170-4
[INFO] extracting crate borsh 0.10.3 into /workspace/builds/worker-4-tc1/source
[INFO] validating manifest of crates.io crate borsh 0.10.3 on toolchain 9610dfe5a9a731ced1ea4923ecbd0c57fe367898
[INFO] running `Command { std: CARGO_HOME="/workspace/cargo-home" RUSTUP_HOME="/workspace/rustup-home" "/workspace/cargo-home/bin/cargo" "+9610dfe5a9a731ced1ea4923ecbd0c57fe367898" "metadata" "--manifest-path" "Cargo.toml" "--no-deps", kill_on_drop: false }`
[INFO] started tweaking crates.io crate borsh 0.10.3
[INFO] finished tweaking crates.io crate borsh 0.10.3
[INFO] tweaked toml for crates.io crate borsh 0.10.3 written to /workspace/builds/worker-4-tc1/source/Cargo.toml
[INFO] crate crates.io crate borsh 0.10.3 already has a lockfile, it will not be regenerated
[INFO] running `Command { std: CARGO_HOME="/workspace/cargo-home" RUSTUP_HOME="/workspace/rustup-home" "/workspace/cargo-home/bin/cargo" "+9610dfe5a9a731ced1ea4923ecbd0c57fe367898" "fetch" "--manifest-path" "Cargo.toml", kill_on_drop: false }`
[INFO] running `Command { std: "docker" "create" "-v" "/var/lib/crater-agent-workspace/builds/worker-4-tc1/target:/opt/rustwide/target:rw,Z" "-v" "/var/lib/crater-agent-workspace/builds/worker-4-tc1/source:/opt/rustwide/workdir:ro,Z" "-v" "/var/lib/crater-agent-workspace/cargo-home:/opt/rustwide/cargo-home:ro,Z" "-v" "/var/lib/crater-agent-workspace/rustup-home:/opt/rustwide/rustup-home:ro,Z" "-e" "SOURCE_DIR=/opt/rustwide/workdir" "-e" "CARGO_TARGET_DIR=/opt/rustwide/target" "-e" "CARGO_HOME=/opt/rustwide/cargo-home" "-e" "RUSTUP_HOME=/opt/rustwide/rustup-home" "-w" "/opt/rustwide/workdir" "-m" "1610612736" "--user" "0:0" "--network" "none" "ghcr.io/rust-lang/crates-build-env/linux@sha256:19e73879b68f455e41552ea35293514db52ea292d993f571636dbffedb77a1ee" "/opt/rustwide/cargo-home/bin/cargo" "+9610dfe5a9a731ced1ea4923ecbd0c57fe367898" "metadata" "--no-deps" "--format-version=1", kill_on_drop: false }`
[INFO] [stdout] b43971e2b02227f10a906ab1d09cb5487b853482c3d34447e425e59ff17d3901
[INFO] running `Command { std: "docker" "start" "-a" "b43971e2b02227f10a906ab1d09cb5487b853482c3d34447e425e59ff17d3901", kill_on_drop: false }`
[INFO] running `Command { std: "docker" "inspect" "b43971e2b02227f10a906ab1d09cb5487b853482c3d34447e425e59ff17d3901", kill_on_drop: false }`
[INFO] running `Command { std: "docker" "rm" "-f" "b43971e2b02227f10a906ab1d09cb5487b853482c3d34447e425e59ff17d3901", kill_on_drop: false }`
[INFO] [stdout] b43971e2b02227f10a906ab1d09cb5487b853482c3d34447e425e59ff17d3901
[INFO] running `Command { std: "docker" "create" "-v" "/var/lib/crater-agent-workspace/builds/worker-4-tc1/target:/opt/rustwide/target:rw,Z" "-v" "/var/lib/crater-agent-workspace/builds/worker-4-tc1/source:/opt/rustwide/workdir:ro,Z" "-v" "/var/lib/crater-agent-workspace/cargo-home:/opt/rustwide/cargo-home:ro,Z" "-v" "/var/lib/crater-agent-workspace/rustup-home:/opt/rustwide/rustup-home:ro,Z" "-e" "SOURCE_DIR=/opt/rustwide/workdir" "-e" "CARGO_TARGET_DIR=/opt/rustwide/target" "-e" "CARGO_INCREMENTAL=0" "-e" "RUST_BACKTRACE=full" "-e" "RUSTFLAGS=--cap-lints=forbid" "-e" "RUSTDOCFLAGS=--cap-lints=forbid" "-e" "CARGO_HOME=/opt/rustwide/cargo-home" "-e" "RUSTUP_HOME=/opt/rustwide/rustup-home" "-w" "/opt/rustwide/workdir" "-m" "1610612736" "--user" "0:0" "--network" "none" "ghcr.io/rust-lang/crates-build-env/linux@sha256:19e73879b68f455e41552ea35293514db52ea292d993f571636dbffedb77a1ee" "/opt/rustwide/cargo-home/bin/cargo" "+9610dfe5a9a731ced1ea4923ecbd0c57fe367898" "check" "--frozen" "--all" "--all-targets" "--message-format=json", kill_on_drop: false }`
[INFO] [stdout] 5066716bce6226bcfc47c7c212b0c11f21ecaf4a6dc222a86df82f322285f990
[INFO] running `Command { std: "docker" "start" "-a" "5066716bce6226bcfc47c7c212b0c11f21ecaf4a6dc222a86df82f322285f990", kill_on_drop: false }`
[INFO] [stderr]    Compiling proc-macro2 v1.0.53
[INFO] [stderr]    Compiling syn v1.0.109
[INFO] [stderr]    Compiling serde v1.0.158
[INFO] [stderr]     Checking once_cell v1.17.1
[INFO] [stderr]    Compiling ahash v0.8.3
[INFO] [stderr]     Checking hashbrown v0.13.2
[INFO] [stderr]    Compiling quote v1.0.26
[INFO] [stderr]    Compiling toml v0.5.11
[INFO] [stderr]    Compiling borsh-schema-derive-internal v0.10.3
[INFO] [stderr]    Compiling borsh-derive-internal v0.10.3
[INFO] [stderr]    Compiling proc-macro-crate v0.1.5
[INFO] [stderr]    Compiling borsh-derive v0.10.3
[INFO] [stderr]     Checking borsh v0.10.3 (/opt/rustwide/workdir)
[INFO] [stdout] error[E0277]: the trait bound `BytesMut: BorshSerialize` is not satisfied
[INFO] [stdout]  --> tests/test_simple_structs.rs:5:10
[INFO] [stdout]   |
[INFO] [stdout] 5 | #[derive(BorshSerialize, BorshDeserialize, PartialEq, Debug)]
[INFO] [stdout]   |          ^^^^^^^^^^^^^^ the trait `BorshSerialize` is not implemented for `BytesMut`
[INFO] [stdout]   |
[INFO] [stdout]   = help: the following other types implement trait `BorshSerialize`:
[INFO] [stdout]             &T
[INFO] [stdout]             ()
[INFO] [stdout]             (T0, T1)
[INFO] [stdout]             (T0, T1, T2)
[INFO] [stdout]             (T0, T1, T2, T3)
[INFO] [stdout]             (T0, T1, T2, T3, T4)
[INFO] [stdout]             (T0, T1, T2, T3, T4, T5)
[INFO] [stdout]             (T0, T1, T2, T3, T4, T5, T6)
[INFO] [stdout]           and 72 others
[INFO] [stdout]   = help: see issue #48214
[INFO] [stdout]   = help: add `#![feature(trivial_bounds)]` to the crate attributes to enable
[INFO] [stdout]   = note: this error originates in the derive macro `BorshSerialize` (in Nightly builds, run with -Z macro-backtrace for more info)
[INFO] [stdout] 
[INFO] [stdout] 
[INFO] [stdout] error[E0277]: the trait bound `bytes::Bytes: BorshSerialize` is not satisfied
[INFO] [stdout]  --> tests/test_simple_structs.rs:5:10
[INFO] [stdout]   |
[INFO] [stdout] 5 | #[derive(BorshSerialize, BorshDeserialize, PartialEq, Debug)]
[INFO] [stdout]   |          ^^^^^^^^^^^^^^ the trait `BorshSerialize` is not implemented for `bytes::Bytes`
[INFO] [stdout]   |
[INFO] [stdout]   = help: the following other types implement trait `BorshSerialize`:
[INFO] [stdout]             &T
[INFO] [stdout]             ()
[INFO] [stdout]             (T0, T1)
[INFO] [stdout]             (T0, T1, T2)
[INFO] [stdout]             (T0, T1, T2, T3)
[INFO] [stdout]             (T0, T1, T2, T3, T4)
[INFO] [stdout]             (T0, T1, T2, T3, T4, T5)
[INFO] [stdout]             (T0, T1, T2, T3, T4, T5, T6)
[INFO] [stdout]           and 72 others
[INFO] [stdout]   = help: see issue #48214
[INFO] [stdout]   = help: add `#![feature(trivial_bounds)]` to the crate attributes to enable
[INFO] [stdout]   = note: this error originates in the derive macro `BorshSerialize` (in Nightly builds, run with -Z macro-backtrace for more info)
[INFO] [stdout] 
[INFO] [stdout] 
[INFO] [stdout] error[E0277]: the trait bound `BytesMut: BorshDeserialize` is not satisfied
[INFO] [stdout]  --> tests/test_simple_structs.rs:5:26
[INFO] [stdout]   |
[INFO] [stdout] 5 | #[derive(BorshSerialize, BorshDeserialize, PartialEq, Debug)]
[INFO] [stdout]   |                          ^^^^^^^^^^^^^^^^ the trait `BorshDeserialize` is not implemented for `BytesMut`
[INFO] [stdout]   |
[INFO] [stdout]   = help: the following other types implement trait `BorshDeserialize`:
[INFO] [stdout]             ()
[INFO] [stdout]             (T0, T1)
[INFO] [stdout]             (T0, T1, T2)
[INFO] [stdout]             (T0, T1, T2, T3)
[INFO] [stdout]             (T0, T1, T2, T3, T4)
[INFO] [stdout]             (T0, T1, T2, T3, T4, T5)
[INFO] [stdout]             (T0, T1, T2, T3, T4, T5, T6)
[INFO] [stdout]             (T0, T1, T2, T3, T4, T5, T6, T7)
[INFO] [stdout]           and 68 others
[INFO] [stdout]   = help: see issue #48214
[INFO] [stdout]   = help: add `#![feature(trivial_bounds)]` to the crate attributes to enable
[INFO] [stdout]   = note: this error originates in the derive macro `BorshDeserialize` (in Nightly builds, run with -Z macro-backtrace for more info)
[INFO] [stdout] 
[INFO] [stdout] 
[INFO] [stdout] error[E0277]: the trait bound `bytes::Bytes: BorshDeserialize` is not satisfied
[INFO] [stdout]  --> tests/test_simple_structs.rs:5:26
[INFO] [stdout]   |
[INFO] [stdout] 5 | #[derive(BorshSerialize, BorshDeserialize, PartialEq, Debug)]
[INFO] [stdout]   |                          ^^^^^^^^^^^^^^^^ the trait `BorshDeserialize` is not implemented for `bytes::Bytes`
[INFO] [stdout]   |
[INFO] [stdout]   = help: the following other types implement trait `BorshDeserialize`:
[INFO] [stdout]             ()
[INFO] [stdout]             (T0, T1)
[INFO] [stdout]             (T0, T1, T2)
[INFO] [stdout]             (T0, T1, T2, T3)
[INFO] [stdout]             (T0, T1, T2, T3, T4)
[INFO] [stdout]             (T0, T1, T2, T3, T4, T5)
[INFO] [stdout]             (T0, T1, T2, T3, T4, T5, T6)
[INFO] [stdout]             (T0, T1, T2, T3, T4, T5, T6, T7)
[INFO] [stdout]           and 68 others
[INFO] [stdout]   = help: see issue #48214
[INFO] [stdout]   = help: add `#![feature(trivial_bounds)]` to the crate attributes to enable
[INFO] [stdout]   = note: this error originates in the derive macro `BorshDeserialize` (in Nightly builds, run with -Z macro-backtrace for more info)
[INFO] [stdout] 
[INFO] [stdout] 
[INFO] [stdout] error: aborting due to 4 previous errors
[INFO] [stdout] 
[INFO] [stdout] 
[INFO] [stdout] For more information about this error, try `rustc --explain E0277`.
[INFO] [stdout] 
[INFO] [stderr] error: could not compile `borsh` (test "test_simple_structs") due to 5 previous errors
[INFO] [stderr] warning: build failed, waiting for other jobs to finish...
[INFO] running `Command { std: "docker" "inspect" "5066716bce6226bcfc47c7c212b0c11f21ecaf4a6dc222a86df82f322285f990", kill_on_drop: false }`
[INFO] running `Command { std: "docker" "rm" "-f" "5066716bce6226bcfc47c7c212b0c11f21ecaf4a6dc222a86df82f322285f990", kill_on_drop: false }`
[INFO] [stdout] 5066716bce6226bcfc47c7c212b0c11f21ecaf4a6dc222a86df82f322285f990
